
Is 103 a factor of 22281425?
False
Is 179 a factor of 337717?
False
Is 685568 a multiple of 208?
True
Is 525 a factor of 587475?
True
Is 102979 a multiple of 2?
False
Is 191 a factor of 530564?
False
Is 111819 a multiple of 248?
False
Does 33 divide 819852?
True
Does 11 divide 296658?
False
Is 268547 a multiple of 82?
False
Does 9 divide 11533281?
False
Is 21 a factor of 2277324?
True
Does 184 divide 57237?
False
Is 5 a factor of 34584?
False
Is 10 a factor of 8238?
False
Does 151 divide 2988290?
True
Does 40 divide 26399351?
False
Does 22 divide 3511112?
True
Does 47 divide 1012098?
True
Does 301 divide 1316875?
True
Is 29 a factor of 14505?
False
Does 211 divide 65621?
True
Is 53607 a multiple of 298?
False
Is 322732 a multiple of 4?
True
Is 17 a factor of 6280805?
False
Is 303 a factor of 22422?
True
Does 30 divide 4931832?
False
Does 331 divide 6789472?
True
Is 10 a factor of 68902?
False
Is 33 a factor of 677116?
False
Does 489 divide 2885753?
False
Is 327 a factor of 49887?
False
Is 687 a factor of 950808?
True
Is 10607393 a multiple of 285?
False
Does 244 divide 105896?
True
Is 3435140 a multiple of 19?
False
Is 2280421 a multiple of 39?
False
Is 26 a factor of 1085963?
False
Is 11723592 a multiple of 34?
False
Is 4272046 a multiple of 10?
False
Is 3021129 a multiple of 3?
True
Is 6 a factor of 56407?
False
Is 1953864 a multiple of 792?
True
Does 14 divide 3711064?
True
Is 545790 a multiple of 46?
True
Is 13 a factor of 122356?
True
Is 26 a factor of 616668?
True
Is 15 a factor of 724104?
False
Is 188383 a multiple of 165?
False
Does 5 divide 4288?
False
Is 5402894 a multiple of 101?
True
Is 39 a factor of 65060?
False
Is 281 a factor of 9193927?
False
Does 1402 divide 10723898?
True
Is 5435951 a multiple of 128?
False
Does 169 divide 551488?
False
Does 70 divide 314984?
False
Does 27 divide 122445?
True
Does 41 divide 10229500?
True
Is 111 a factor of 1253195?
False
Is 2375112 a multiple of 46?
False
Is 19 a factor of 4637672?
True
Is 20 a factor of 491431?
False
Is 99889 a multiple of 2?
False
Is 70281 a multiple of 9?
True
Is 145 a factor of 5361520?
True
Does 338 divide 597922?
True
Is 357161 a multiple of 113?
False
Is 45 a factor of 56900?
False
Is 443590 a multiple of 14?
True
Is 130 a factor of 27773?
False
Does 12 divide 1089384?
True
Is 139 a factor of 82983?
True
Is 11 a factor of 56624?
False
Is 349245 a multiple of 13?
True
Does 42 divide 800046?
False
Does 95 divide 179693?
False
Is 895 a factor of 2178810?
False
Is 599 a factor of 273144?
True
Is 551046 a multiple of 47?
False
Is 79 a factor of 115922?
False
Is 463275 a multiple of 128?
False
Does 15 divide 180225?
True
Is 2798903 a multiple of 429?
False
Is 122210 a multiple of 10?
True
Is 1133964 a multiple of 260?
False
Is 19898118 a multiple of 261?
True
Does 135 divide 220455?
True
Does 22 divide 4000?
False
Is 126880 a multiple of 202?
False
Does 823 divide 3317389?
False
Does 169 divide 4129177?
True
Is 1021250 a multiple of 164?
False
Is 30 a factor of 6828330?
True
Is 78600 a multiple of 15?
True
Does 134 divide 5356516?
True
Is 306371 a multiple of 13?
True
Is 1843832 a multiple of 259?
False
Does 78 divide 5171946?
True
Is 6795853 a multiple of 27?
False
Is 627322 a multiple of 175?
False
Does 63 divide 2189655?
False
Does 128 divide 1785653?
False
Is 110 a factor of 5148660?
True
Is 179305 a multiple of 69?
False
Is 1740018 a multiple of 714?
True
Is 1232500 a multiple of 644?
False
Does 24 divide 831240?
True
Does 45 divide 433575?
True
Does 138 divide 25030560?
False
Is 407 a factor of 24885201?
True
Does 13 divide 332943?
True
Is 1009800 a multiple of 680?
True
Does 23 divide 426620?
False
Is 58 a factor of 880809?
False
Does 952 divide 60928?
True
Is 348 a factor of 2538951?
False
Is 555237 a multiple of 3?
True
Does 46 divide 441865?
False
Is 614595 a multiple of 91?
False
Is 63043 a multiple of 2?
False
Does 122 divide 18317690?
True
Does 89 divide 17970602?
False
Does 21 divide 3939537?
True
Is 589063 a multiple of 994?
False
Is 501178 a multiple of 58?
True
Does 220 divide 11840959?
False
Does 58 divide 377996?
False
Does 100 divide 355200?
True
Is 3303885 a multiple of 93?
False
Is 639 a factor of 13740296?
False
Does 46 divide 2118714?
True
Does 49 divide 2632035?
True
Does 44 divide 21397?
False
Is 15 a factor of 70021?
False
Is 75 a factor of 102710?
False
Is 3433440 a multiple of 115?
True
Is 374400 a multiple of 260?
True
Is 3465961 a multiple of 361?
True
Does 2371 divide 27560456?
False
Is 354 a factor of 3599472?
True
Is 1936209 a multiple of 64?
False
Is 216576 a multiple of 16?
True
Is 4599414 a multiple of 9?
True
Is 33 a factor of 2966469?
True
Does 39 divide 660855?
True
Is 24 a factor of 10666?
False
Does 13 divide 1341972?
False
Is 13 a factor of 26681?
False
Does 3 divide 13659?
True
Is 120526 a multiple of 15?
False
Does 49 divide 1771353?
False
Does 303 divide 10865126?
False
Is 18 a factor of 160938?
True
Does 113 divide 3513848?
True
Does 2 divide 3648?
True
Is 11 a factor of 925397?
True
Is 685131 a multiple of 8?
False
Does 143 divide 21879?
True
Is 1337808 a multiple of 282?
True
Does 17 divide 122791?
True
Is 3942685 a multiple of 912?
False
Is 2820997 a multiple of 42?
False
Is 21 a factor of 63588?
True
Does 14 divide 116271?
False
Does 57 divide 2000073?
True
Is 1037189 a multiple of 10?
False
Does 70 divide 281470?
True
Does 507 divide 2468079?
False
Does 159 divide 3208985?
False
Is 165 a factor of 5808511?
False
Is 256421 a multiple of 8?
False
Is 15 a factor of 5306543?
False
Is 155 a factor of 930105?
False
Is 264357 a multiple of 9?
True
Is 21709 even?
False
Is 98 a factor of 317976?
False
Is 10378460 a multiple of 489?
False
Is 291326 a multiple of 12?
False
Is 65 a factor of 1332371?
False
Does 17 divide 541525?
False
Is 96 a factor of 25248?
True
Does 67 divide 400449?
False
Is 18 a factor of 5190930?
True
Is 898 a factor of 711216?
True
Is 5118600 a multiple of 950?
True
Is 21 a factor of 960939?
True
Is 1040021 a multiple of 18?
False
Is 5 a factor of 94505?
True
Is 291 a factor of 8410482?
True
Is 23 a factor of 463956?
True
Is 10 a factor of 12330021?
False
Is 55 a factor of 29370?
True
Does 32 divide 581555?
False
Is 24 a factor of 25121?
False
Is 616785 a multiple of 309?
False
Is 153 a factor of 1696158?
True
Does 133 divide 1818642?
True
Does 10 divide 32890?
True
Does 19 divide 303675?
False
Does 34 divide 310125?
False
Is 80 a factor of 292736?
False
Is 153 a factor of 10800?
False
Is 300760 a multiple of 365?
True
Is 1971200 a multiple of 200?
True
Does 14 divide 925512?
True
Is 3096867 a multiple of 18?
False
Is 5 a factor of 14071?
False
Does 39 divide 114426?
True
Does 14 divide 476921?
False
Is 77599 a multiple of 73?
True
Does 18 divide 4374000?
True
Is 44 a factor of 83512?
True
Is 25 a factor of 2351926?
False
Does 69 divide 224730?
False
Does 11 divide 7581910?
False
Is 9 a factor of 13522518?
True
Is 34866 a multiple of 26?
True
Does 2 divide 22355?
False
Is 6161 a multiple of 15?
False
Is 134 a factor of 126196?
False
Is 186221 a multiple of 334?
False
Is 1069689 a multiple of 435?
False
Does 14 divide 836147?
False
Is 60 a factor of 20678?
False
Does 5 divide 29520?
True
Does 140 divide 1384320?
True
Is 7 a factor of 6896?
False
Is 270 a factor of 769500?
True
Is 8641 a multiple of 135?
False
Is 51 a factor of 15815304?
True
Does 654 divide 23310414?
False
Is 323 a factor of 1360852?
False
Does 11 divide 6473284?
False
Is 3929656 a multiple of 502?
True
Is 16541 a multiple of 58?
False
Is 213682 a multiple of 6?
False
Is 959934 a multiple of 33?
False
Does 2 divide 130036?
True
Does 70 divide 23240?
True
Is 53 a factor of 261502?
True
Does 341 divide 72238?
False
Does 43 divide 33836?
False
Does 528 divide 169194?
False
Does 369 divide 5819051?
False
Does 769 divide 8092956?
True
Is 217597 a multiple of 8?
False
Does 21 divide 266778?
False
Does 496 divide 6251088?
True
Does 8 divide 174280?
True
Does 5 divide 43046?
False
Does 51 divide 160344?
True
Does 62 divide 6166210?
True
Is 224273 a multiple of 112?
False
Is 222 a factor of 113220?
True
Does 66 divide 475530?
True
Is 69 a factor of 94116?
True
Does 13 divide 93470?
True
Is 7136610 a multiple of 15?
True
Does 1823 divide 326317?
Tr